{"id":252,"date":"2022-11-24T23:03:21","date_gmt":"2022-11-24T22:03:21","guid":{"rendered":"https:\/\/jojo-fit.ch\/?page_id=252"},"modified":"2022-12-04T07:35:32","modified_gmt":"2022-12-04T06:35:32","slug":"hula-hoop","status":"publish","type":"page","link":"https:\/\/jojo-fit.ch\/index.php\/hobbys\/hula-hoop\/","title":{"rendered":"Hula Hoop"},"content":{"rendered":"\n<p><strong><mark style=\"background-color:rgba(0, 0, 0, 0)\" class=\"has-inline-color has-vivid-cyan-blue-color\">Kann man mit einem Hula Hoop Reifen wirklich abnehmen?<\/mark><\/strong> &#8211; Auch Studien haben gezeigt, dass sich ein Hula-Hoop-Training positiv auf den Gewichtsverlust auswirkt. Der Energieverbrauch ist dabei abh\u00e4ngig von mehreren Faktoren und kann bis zu 400 Kalorien pro Stunde betragen, was etwa dem Kalorienverbrauch von ambitionierten Joggingeinheiten entspricht.<\/p>\n\n\n\n<p><strong><mark style=\"background-color:rgba(0, 0, 0, 0)\" class=\"has-inline-color has-vivid-cyan-blue-color\">Hat Hula Hoop Nachteile?<\/mark><\/strong> &#8211; Einer der h\u00e4ufigsten Nachteile des Hula Hoop Trainings sind Quetschungen und blaue Flecken an der H\u00fcfte. Gerade als Anf\u00e4nger ist deine Haut die ungewohnte Belastung nicht gewohnt. Das zeigt sich dann durch gro\u00dfe blaue Flecken und Bluterg\u00fcssen. Aber auch Fortgeschrittene bleiben nicht verschont.<\/p>\n\n\n\n<p><strong><mark style=\"background-color:rgba(0, 0, 0, 0)\" class=\"has-inline-color has-vivid-red-color\">Wann sollte man nicht hullern?<\/mark><\/strong><mark style=\"background-color:rgba(0, 0, 0, 0)\" class=\"has-inline-color has-vivid-red-color\"> &#8211;<\/mark><mark style=\"background-color:rgba(0, 0, 0, 0)\" class=\"has-inline-color has-luminous-vivid-orange-color\"> <\/mark><mark style=\"background-color:rgba(0, 0, 0, 0)\" class=\"has-inline-color has-vivid-red-color\">Grunds\u00e4tzlich ist das Hula &#8211; Hoop &#8211; Training f\u00fcr jeden geeignet. Haben Sie jedoch Schmerzen im R\u00fccken, einen Bandscheibenvorfall oder Versteifungen im R\u00fccken, verzichten Sie zur Vorsicht auf Hula Hoop.<\/mark><\/p>\n\n\n\n<div style=\"height:36px\" aria-hidden=\"true\" class=\"wp-block-spacer\"><\/div>\n\n\n\n<figure class=\"is-layout-flex wp-block-gallery-1 wp-block-gallery has-nested-images columns-default is-cropped\">\n<figure class=\"wp-block-image size-large\"><img decoding=\"async\" loading=\"lazy\" width=\"681\" height=\"1024\" data-id=\"318\"  src=\"https:\/\/jojo-fit.ch\/wp-content\/uploads\/2022\/11\/Hula-Hoop-im-Fitnesstudio-681x1024.jpg\" alt=\"\" class=\"wp-image-318\" srcset=\"https:\/\/jojo-fit.ch\/wp-content\/uploads\/2022\/11\/Hula-Hoop-im-Fitnesstudio-681x1024.jpg 681w, https:\/\/jojo-fit.ch\/wp-content\/uploads\/2022\/11\/Hula-Hoop-im-Fitnesstudio-199x300.jpg 199w, https:\/\/jojo-fit.ch\/wp-content\/uploads\/2022\/11\/Hula-Hoop-im-Fitnesstudio-768x1155.jpg 768w, https:\/\/jojo-fit.ch\/wp-content\/uploads\/2022\/11\/Hula-Hoop-im-Fitnesstudio-1021x1536.jpg 1021w, https:\/\/jojo-fit.ch\/wp-content\/uploads\/2022\/11\/Hula-Hoop-im-Fitnesstudio-1362x2048.jpg 1362w, https:\/\/jojo-fit.ch\/wp-content\/uploads\/2022\/11\/Hula-Hoop-im-Fitnesstudio.jpg 1427w\" sizes=\"(max-width: 681px) 100vw, 681px\" \/><figcaption class=\"wp-element-caption\">Hula Hoop im Fitnesscenter<\/figcaption><\/figure>\n\n\n\n<figure class=\"wp-block-image size-large\"><img decoding=\"async\" loading=\"lazy\" width=\"1024\" height=\"668\" data-id=\"321\"  src=\"https:\/\/jojo-fit.ch\/wp-content\/uploads\/2022\/11\/Hula-Hoop-am-Rhein-1024x668.jpg\" alt=\"\" class=\"wp-image-321\" srcset=\"https:\/\/jojo-fit.ch\/wp-content\/uploads\/2022\/11\/Hula-Hoop-am-Rhein-1024x668.jpg 1024w, https:\/\/jojo-fit.ch\/wp-content\/uploads\/2022\/11\/Hula-Hoop-am-Rhein-300x196.jpg 300w, https:\/\/jojo-fit.ch\/wp-content\/uploads\/2022\/11\/Hula-Hoop-am-Rhein-768x501.jpg 768w, https:\/\/jojo-fit.ch\/wp-content\/uploads\/2022\/11\/Hula-Hoop-am-Rhein-1536x1002.jpg 1536w, https:\/\/jojo-fit.ch\/wp-content\/uploads\/2022\/11\/Hula-Hoop-am-Rhein-2048x1336.jpg 2048w\" sizes=\"(max-width: 767px) 89vw, (max-width: 1000px) 54vw, (max-width: 1071px) 543px, 580px\" \/><figcaption class=\"wp-element-caption\">Hula Hoop am Rhein<\/figcaption><\/figure>\n<\/figure>\n","protected":false},"excerpt":{"rendered":"<p>Kann man mit einem Hula Hoop Reifen wirklich abnehmen? &#8211; Auch Studien haben gezeigt, dass sich ein Hula-Hoop-Training positiv auf den Gewichtsverlust auswirkt. Der Energieverbrauch ist dabei abh\u00e4ngig von mehreren Faktoren und kann bis zu 400 Kalorien pro Stunde betragen, was etwa dem Kalorienverbrauch von ambitionierten Joggingeinheiten entspricht. Hat Hula Hoop Nachteile? &#8211; Einer der &hellip; <\/p>\n<p class=\"link-more\"><a href=\"https:\/\/jojo-fit.ch\/index.php\/hobbys\/hula-hoop\/\" class=\"more-link\"><span class=\"screen-reader-text\">\u201eHula Hoop\u201c<\/span> weiterlesen<\/a><\/p>\n","protected":false},"author":1,"featured_media":0,"parent":119,"menu_order":4,"comment_status":"closed","ping_status":"closed","template":"","meta":[],"_links":{"self":[{"href":"https:\/\/jojo-fit.ch\/index.php\/wp-json\/wp\/v2\/pages\/252"}],"collection":[{"href":"https:\/\/jojo-fit.ch\/index.php\/wp-json\/wp\/v2\/pages"}],"about":[{"href":"https:\/\/jojo-fit.ch\/index.php\/wp-json\/wp\/v2\/types\/page"}],"author":[{"embeddable":true,"href":"https:\/\/jojo-fit.ch\/index.php\/wp-json\/wp\/v2\/users\/1"}],"replies":[{"embeddable":true,"href":"https:\/\/jojo-fit.ch\/index.php\/wp-json\/wp\/v2\/comments?post=252"}],"version-history":[{"count":16,"href":"https:\/\/jojo-fit.ch\/index.php\/wp-json\/wp\/v2\/pages\/252\/revisions"}],"predecessor-version":[{"id":887,"href":"https:\/\/jojo-fit.ch\/index.php\/wp-json\/wp\/v2\/pages\/252\/revisions\/887"}],"up":[{"embeddable":true,"href":"https:\/\/jojo-fit.ch\/index.php\/wp-json\/wp\/v2\/pages\/119"}],"wp:attachment":[{"href":"https:\/\/jojo-fit.ch\/index.php\/wp-json\/wp\/v2\/media?parent=252"}],"curies":[{"name":"wp","href":"https:\/\/api.w.org\/{rel}","templated":true}]}}